est common factor of 120 and c.
15
Suppose -20 = -4*t + l, 0 = -0*l + l - 4. Calculate the highest common factor of t and 222.
6
Let k(w) = w**3 + 39*w**2 + 75*w + 124. Let o be k(-37). What is the highest common factor of 58 and o?
29
Suppose 0 = v - b - 8, 2*b - 23 = -3*v + 21. Let r be 1/6 + 34/v. What is the highest common factor of 5 and r?
1
Suppose -5*w - 3*a - 165 = 2*a, -5*w - 2*a = 180. Let b be w/(-1) - (-46)/23. Calculate the highest common divisor of 5 and b.
5
Let t = 187 + -132. What is the highest common factor of t and 11?
11
Suppose 3*d - 6 + 0 = 0. Let r(o) = 11*o - d*o + 1 + 8 + 0. Let n be r(6). Calculate the highest common factor of 7 and n.
7
Suppose 50 = 4*d - 50. Let a(n) = n**3 - 8*n**2 - 5*n + 4. Let b be a(9). Let i = b - d. Calculate the greatest common factor of 15 and i.
15
Let b = 74 + -47. Let o be (0/(-5) - 3) + b. What is the greatest common divisor of o and 8?
8
Let x be (1 + 1)/(8/16) + 25. Calculate the greatest common factor of 1247 and x.
29
Let d be 4650/60 + 1/(-2). Suppose 3*a = 129 + 15. Suppose 2 = h + 3*g - 15, -4*h - 2*g = -a. Calculate the greatest common factor of h and d.
11
Let w be (22/(-6))/((-3)/18). Let d = -17 + 28. Suppose -3 = 4*r - d. What is the highest common divisor of w and r?
2
Let o be (-64)/(-5) + (-1)/(-5). Let y = -4 + o. Suppose -8 = 3*w + 4*v, -w = -3*v - 28 + y. What is the greatest common factor of 12 and w?
4
Let p = -122 - -16. Let n = p + 201. What is the greatest common divisor of 19 and n?
19
Suppose 0 = o - 5*w - 58, -3*o + 86 = -5*w - 48. Calculate the greatest common factor of 38 and o.
38
Let k(n) = 45*n - 229. Let j be k(17). Calculate the greatest common divisor of j and 67.
67
Suppose -3*q = -b - 123, 2*q = q - 4*b + 28. Suppose 3*z + q = 4*z. Let n = -1 + 6. Calculate the greatest common divisor of z and n.
5
Let u be 4/6 + (-4288)/(-48). What is the highest common divisor of u and 2070?
90
Suppose 3*w = 6 - 129. Let g = -14 - w. Suppose 4*q - 8 = -2*u, 0 = 2*q - 0*u - 3*u - 12. What is the highest common divisor of q and g?
3
Suppose -18*f - 897 = -21*f. Calculate the greatest common factor of 52 and f.
13
Let w be (-16)/(-36)*3*21. Let c = -9 - -9. Suppose c*u = -2*u + 28. Calculate the highest common factor of u and w.
14
Let s = 429 + -29. Calculate the greatest common factor of s and 25.
25
Suppose 2*j - 26 = 64. Suppose 2*a + a = j. Let c = 332 - 227. What is the greatest common factor of a and c?
15
Let w = 24 - 20. Let i = 8 + -5. Let l = i - -7. What is the greatest common factor of w and l?
2
Let i(q) = 25 + 0*q - 3*q - 2*q. Let d be i(10). Let f = -18 - d. What is the highest common divisor of 77 and f?
7
Let l be ((-48)/(-9))/((-4)/12). Let r be (2/(-4))/(1/l) + 3. Calculate the greatest common factor of 44 and r.
11
Suppose 2*c - 6 = -0*s - 4*s, -4*s = 4*c - 4. Suppose -3*n = -10 - 8. Calculate the highest common factor of s and n.
2
Suppose 0 = -3*x - x + 12, -z + 48 = -2*x. Suppose -z = 8*t - 230. What is the highest common divisor of 55 and t?
11
Suppose 27*r + 28 = 29*r. Suppose r = 5*k - j, 4*k = -8*j + 10*j + 16. What is the highest common divisor of k and 2?
2
Let c = -45 + 45. Suppose 7*h - 11*h + 112 = c. What is the greatest common divisor of 14 and h?
14
Suppose 256 = 18*m - 10*m. Let v = 19 - 11. Calculate the highest common factor of m and v.
8
Suppose -15*x + 710 + 1285 = 0. Calculate the highest common factor of 21 and x.
7
Suppose 3*c - 207 = -5*q, -3*q + 20 = 3*c - 109. What is the highest common factor of q and 507?
39
Let i(g) = 11*g + 66. Let v be i(18). Calculate the greatest common divisor of 48 and v.
24
Let x = -141 - -151. What is the highest common divisor of 14 and x?
2
Let y be ((-48)/18)/(4/(-6)). Suppose -3*i + 113 = -y*q, 0*q - 4*q = 5*i - 135. Calculate the greatest common divisor of i and 31.
31
Let k(c) = -2*c**2 - 14*c + 3. Let v be k(-7). Suppose h = -1 + 2. What is the greatest common factor of v and h?
1
Let l = 19 + -3. Suppose 4*f + 0*f = l. Let c be 40/36*((-104)/(-40) - 2)*6. Calculate the greatest common factor of f and c.
4
Let i(n) = -1 + 4*n**2 - 9 + 4*n + 16. Let a(k) = -k. Let j be a(3). Let w be i(j). What is the highest common divisor of 12 and w?
6
Suppose -r - 5*r = -24. Suppose -r*o = o - 240. What is the greatest common divisor of 16 and o?
16
Let w(n) = -n**3 - 2*n**2 + 5*n + 12. Let u be w(-2). Calculate the greatest common divisor of u and 278.
2
Let y(f) = 5*f - 152. Let v be y(36). Calculate the greatest common divisor of v and 35.
7
Let h(f) = 10*f**2 - 4*f + 18. Let i be h(2). Calculate the greatest common factor of i and 350.
50
Suppose 0 = 5*p + 61 + 74. Let r = p - -43. What is the greatest common factor of r and 48?
16
Suppose -5*y - g - g = 8, -3*g = -3. Let n be (6/(-2) - y) + 3. Suppose j = -n*j + 90. Calculate the greatest common factor of 15 and j.
15
Suppose 0 = -12*c + 1522 - 10. What is the greatest common factor of 63 and c?
63
Let h be 5*(-12)/(-40)*8/3. Let i be -12*(-3 - (h + -4)). Calculate the highest common factor of 4 and i.
4
Let t(p) = 24*p. Let r be t(1). Suppose r = 2*v + 2*v. Let a = 127 + -121. Calculate the highest common factor of a and v.
6
Let i = 33 + -37. Let d = i - -7. Calculate the greatest common divisor of d and 1.
1
Suppose -21*z + 17*z - c = -995, 3*z - 745 = -c. What is the highest common factor of z and 10?
10
Suppose -79*t = -520 - 28552. Calculate the highest common factor of t and 46.
46
Let a = -226 - -326. Suppose 4*u = -z + 397, -u = -3*z + 4*z - a. What is the highest common factor of u and 9?
9
Let z = 23 - 28. Let l = 15 + z. Let o(p) = 4*p**2 + 8*p - 6. Let j be o(-6). What is the greatest common divisor of j and l?
10
Suppose 43*g - 1287 = 10*g. Let d(v) = v**3 + 7*v**2 + 6*v + 6. Let m be d(-5). What is the highest common factor of m and g?
13
Let i(v) = -v**3 - 14*v**2 - 30*v + 6. Let k be i(-12). What is the greatest common factor of k and 54?
6
Let b = 20 - 30. Let m(q) = q**3 + 12*q**2 + 7*q - 4. Let l be m(b). Suppose l = -j + 4*j. What is the greatest common factor of j and 28?
14
Suppose -2*g + 0*g = -406. Suppose 5*k + 355 + 145 = u, 4*k + 4*u + 376 = 0. Let b = g + k. Calculate the highest common divisor of 13 and b.
13
Suppose -10*x - 64 = i - 5*x, -5*x - 113 = 2*i. Let f = i + 51. Calculate the highest common factor of 14 and f.
2
Suppose 3*i = 2*r - 427, 5*i + 7 = -8. Let o = 16 - 30. Let c = 33 + o. Calculate the greatest common factor of r and c.
19
Let n be 4/((-12)/(-40)*20/12). Suppose 5*k - 3*q = 2 - 4, 0 = 2*k - 4*q + 12. Calculate the greatest common factor of n and k.
2
Let g(d) = 2*d**2 + 6*d - 129. Let t be g(7). Calculate the highest common divisor of t and 407.
11
Suppose -6*g + g = -4*c + 6, -26 = -4*c - 5*g. Suppose 2*r - r = c. Suppose -r*i + 71 = -33. What is the greatest common factor of 65 and i?
13
Let l = -18 - -6. Let f be 2/l + (-345)/(-18). Suppose i = -5*w + 24, 2*w - 37 = -2*i + 3*w. What is the greatest common divisor of f and i?
19
Let d(r) = r**2 - 5*r + 9. Let s be d(4). Suppose 2*h - 21 + s = 0. Calculate the greatest common divisor of h and 24.
8
Suppose h + 1 + 3 = 0, -2 = -5*m - 2*h. Let d(v) = m*v - 3*v + 7 + 10. Let k be d(16). What is the highest common divisor of 7 and k?
1
Let l(u) = -u**2 + 20*u - 3. Let c be l(15). Suppose -5*o = h - c, 5*o = -5 + 25. What is the greatest common divisor of 13 and h?
13
Suppose 0 = 5*m - 25, z - 1257 = -z - 3*m. Calculate the greatest common factor of z and 23.
23
Suppose 4*f - 436 = -2*x, 3*f = 5*x + 6*f - 1083. What is the highest common factor of x and 96?
24
Let b = 95 + -92. Let x be 1/(-5)*(2 + -7). Let f = b + x. Calculate the highest common divisor of 2 and f.
2
Let m(w) = -10*w + 102. Let y be m(8). What is the greatest common divisor of y and 187?
11
Let z(y) = -27*y**3 + 4*y + 3. Let o be z(-1). What is the highest common factor of o and 377?
13
Suppose -13*z - 2 = -12*z. Let q be 6/(-20)*z + 2/5. Calculate the highest common factor of 7 and q.
1
Let n = -34 + 61. Suppose 3*x - 3 - 9 = 0. Suppose x - 1 = k. Calculate the greatest common factor of n and k.
3
Let r = -247 + 283. What is the greatest common divisor of r and 882?
18
Suppose -3*q = q - 252. Suppose 5*h - q = -3*k + 2*h, 0 = k + 5*h - 33. Suppose 2*f - 45 = f. Calculate the 